{"id":3784,"date":"2021-12-13T17:21:43","date_gmt":"2021-12-13T16:21:43","guid":{"rendered":"https:\/\/ida.rwth-aachen.de\/?page_id=3784"},"modified":"2026-01-07T16:03:51","modified_gmt":"2026-01-07T15:03:51","slug":"publikationen","status":"publish","type":"page","link":"https:\/\/ida.rwth-aachen.de\/?page_id=3784","title":{"rendered":"Publikationen"},"content":{"rendered":"\n<p><strong>B\u00fccher<\/strong><\/p>\n\n\n\n<div style=\"height:5px\" aria-hidden=\"true\" class=\"wp-block-spacer\"><\/div>\n\n\n<div class=\"wp-block-image\">\n<figure class=\"alignleft size-full is-resized\"><img loading=\"lazy\" decoding=\"async\" width=\"1068\" height=\"1302\" src=\"https:\/\/ida.rwth-aachen.de\/wp-content\/uploads\/2018\/04\/Bildschirmfoto-2018-04-03-um-16.31.07.png\" alt=\"\" class=\"wp-image-2264\" style=\"width:204px;height:250px\" srcset=\"https:\/\/ida.rwth-aachen.de\/wp-content\/uploads\/2018\/04\/Bildschirmfoto-2018-04-03-um-16.31.07.png 1068w, https:\/\/ida.rwth-aachen.de\/wp-content\/uploads\/2018\/04\/Bildschirmfoto-2018-04-03-um-16.31.07-400x488.png 400w, https:\/\/ida.rwth-aachen.de\/wp-content\/uploads\/2018\/04\/Bildschirmfoto-2018-04-03-um-16.31.07-768x936.png 768w, https:\/\/ida.rwth-aachen.de\/wp-content\/uploads\/2018\/04\/Bildschirmfoto-2018-04-03-um-16.31.07-492x600.png 492w\" sizes=\"auto, (max-width: 1068px) 100vw, 1068px\" \/><\/figure>\n<\/div>\n\n\n<p><strong>I. Ort<\/strong><\/p>\n\n\n\n<p>Herausgeber: Uwe Schr\u00f6der, Hartwig Schneider<br>Titel: Identit\u00e4t der Architektur. I. Ort. Positionen zum Ortsbezug in der Architektur<br>Verlag: Verlag der Buchhandlung Walther K\u00f6nig, K\u00f6ln<br>Ort: K\u00f6ln<br>Datum: 2018<br>ISBN: 978-3-96098-299-9<br>140 Seiten<\/p>\n\n\n\n<div style=\"height:20px\" aria-hidden=\"true\" class=\"wp-block-spacer\"><\/div>\n\n\n<div class=\"wp-block-image\">\n<figure class=\"alignleft size-full is-resized\"><img loading=\"lazy\" decoding=\"async\" width=\"408\" height=\"500\" src=\"https:\/\/ida.rwth-aachen.de\/wp-content\/uploads\/2019\/01\/ida18cover.jpg\" alt=\"\" class=\"wp-image-2871\" style=\"object-fit:cover;width:205px;height:250px\" srcset=\"https:\/\/ida.rwth-aachen.de\/wp-content\/uploads\/2019\/01\/ida18cover.jpg 408w, https:\/\/ida.rwth-aachen.de\/wp-content\/uploads\/2019\/01\/ida18cover-400x490.jpg 400w\" sizes=\"auto, (max-width: 408px) 100vw, 408px\" \/><\/figure>\n<\/div>\n\n\n<p><strong>II. Material<\/strong><\/p>\n\n\n\n<p>Herausgeber: Hartwig Schneider, Uwe Schr\u00f6der<br>Titel: Identit\u00e4t der Architektur. II. Material. Positionen zur Bedeutung des Materials in der Architektur<br>Verlag: Verlag der Buchhandlung Walther K\u00f6nig, K\u00f6ln<br>Ort: K\u00f6ln<br>Datum: 2019<br>ISBN 978-3-96098-545-7<br>130 Seiten<\/p>\n\n\n\n<div style=\"height:20px\" aria-hidden=\"true\" class=\"wp-block-spacer\"><\/div>\n\n\n<div class=\"wp-block-image\">\n<figure class=\"alignleft size-large is-resized\"><img loading=\"lazy\" decoding=\"async\" width=\"490\" height=\"600\" src=\"https:\/\/ida.rwth-aachen.de\/wp-content\/uploads\/2021\/12\/ida-cover-funktion-490x600.jpg\" alt=\"\" class=\"wp-image-3810\" style=\"width:205px\" srcset=\"https:\/\/ida.rwth-aachen.de\/wp-content\/uploads\/2021\/12\/ida-cover-funktion-490x600.jpg 490w, https:\/\/ida.rwth-aachen.de\/wp-content\/uploads\/2021\/12\/ida-cover-funktion-400x490.jpg 400w, https:\/\/ida.rwth-aachen.de\/wp-content\/uploads\/2021\/12\/ida-cover-funktion.jpg 508w\" sizes=\"auto, (max-width: 490px) 100vw, 490px\" \/><\/figure>\n<\/div>\n\n\n<p><strong>III. Funktion<\/strong><\/p>\n\n\n\n<p>Herausgeber: Hartwig Schneider, Uwe Schr\u00f6der<br>Titel: Identit\u00e4t der Architektur. III. Funktion. Positionen zur Bedeutung der Funktion in der Architektur<br>Verlag: Verlag der Buchhandlung Walther K\u00f6nig, K\u00f6ln<br>Ort: K\u00f6ln<br>Datum: 2020<br>ISBN 978-3-96098-737-6<br>114 Seiten<br><\/p>\n\n\n\n<div style=\"height:20px\" aria-hidden=\"true\" class=\"wp-block-spacer\"><\/div>\n\n\n<div class=\"wp-block-image\">\n<figure class=\"alignleft size-full is-resized\"><img loading=\"lazy\" decoding=\"async\" width=\"1306\" height=\"1600\" src=\"https:\/\/ida.rwth-aachen.de\/wp-content\/uploads\/2021\/12\/IDA_IV_Cover-1.jpg\" alt=\"\" class=\"wp-image-3785\" style=\"width:205px;height:250px\" srcset=\"https:\/\/ida.rwth-aachen.de\/wp-content\/uploads\/2021\/12\/IDA_IV_Cover-1.jpg 1306w, https:\/\/ida.rwth-aachen.de\/wp-content\/uploads\/2021\/12\/IDA_IV_Cover-1-400x490.jpg 400w, https:\/\/ida.rwth-aachen.de\/wp-content\/uploads\/2021\/12\/IDA_IV_Cover-1-490x600.jpg 490w, https:\/\/ida.rwth-aachen.de\/wp-content\/uploads\/2021\/12\/IDA_IV_Cover-1-768x941.jpg 768w, https:\/\/ida.rwth-aachen.de\/wp-content\/uploads\/2021\/12\/IDA_IV_Cover-1-1254x1536.jpg 1254w\" sizes=\"auto, (max-width: 1306px) 100vw, 1306px\" \/><\/figure>\n<\/div>\n\n\n<p><strong>IV. Konstruktion<\/strong><\/p>\n\n\n\n<p>Herausgeber: Hartwig Schneider, Uwe Schr\u00f6der<br>Titel: Identit\u00e4t der Architektur. IV. Konstruktion. Positionen zur Bedeutung der Konstruktion in der Architektur<br>Verlag: Verlag der Buchhandlung Walther und Franz K\u00f6nig, K\u00f6ln<br>Ort: K\u00f6ln<br>Datum: 2021<br>ISBN 978-3-96098-883-0<br>180 Seiten<\/p>\n\n\n\n<div style=\"height:20px\" aria-hidden=\"true\" class=\"wp-block-spacer\"><\/div>\n\n\n<div class=\"wp-block-image\">\n<figure class=\"alignleft size-large is-resized\"><img loading=\"lazy\" decoding=\"async\" width=\"497\" height=\"600\" src=\"https:\/\/ida.rwth-aachen.de\/wp-content\/uploads\/2022\/06\/Intermezzo_Cover_Scan-497x600.jpg\" alt=\"\" class=\"wp-image-4364\" style=\"width:205px\" srcset=\"https:\/\/ida.rwth-aachen.de\/wp-content\/uploads\/2022\/06\/Intermezzo_Cover_Scan-497x600.jpg 497w, https:\/\/ida.rwth-aachen.de\/wp-content\/uploads\/2022\/06\/Intermezzo_Cover_Scan-400x483.jpg 400w, https:\/\/ida.rwth-aachen.de\/wp-content\/uploads\/2022\/06\/Intermezzo_Cover_Scan.jpg 600w\" sizes=\"auto, (max-width: 497px) 100vw, 497px\" \/><\/figure>\n<\/div>\n\n\n<p><strong>Intermezzo<\/strong><\/p>\n\n\n\n<p>Herausgeber: Hartwig Schneider, Uwe Schr\u00f6der<br>Titel: Identit\u00e4t der Architektur. Intermezzo. Gespr\u00e4che zu aktuellen Fragen der Architektur<br>Verlag: Verlag der Buchhandlung Walther und Franz K\u00f6nig, K\u00f6ln<br>Ort: K\u00f6ln<br>Datum: 2022<br>ISBN 978-3-7533-0090-0<br>84 Seiten<\/p>\n\n\n\n<div style=\"height:20px\" aria-hidden=\"true\" class=\"wp-block-spacer\"><\/div>\n\n\n<div class=\"wp-block-image\">\n<figure class=\"alignleft size-large is-resized\"><img loading=\"lazy\" decoding=\"async\" width=\"490\" height=\"600\" src=\"https:\/\/ida.rwth-aachen.de\/wp-content\/uploads\/2023\/09\/IdA_V_Cover_high-490x600.png\" alt=\"\" class=\"wp-image-4774\" style=\"width:205px\" srcset=\"https:\/\/ida.rwth-aachen.de\/wp-content\/uploads\/2023\/09\/IdA_V_Cover_high-490x600.png 490w, https:\/\/ida.rwth-aachen.de\/wp-content\/uploads\/2023\/09\/IdA_V_Cover_high-400x490.png 400w, https:\/\/ida.rwth-aachen.de\/wp-content\/uploads\/2023\/09\/IdA_V_Cover_high-768x941.png 768w, https:\/\/ida.rwth-aachen.de\/wp-content\/uploads\/2023\/09\/IdA_V_Cover_high-1254x1536.png 1254w, https:\/\/ida.rwth-aachen.de\/wp-content\/uploads\/2023\/09\/IdA_V_Cover_high-1672x2048.png 1672w\" sizes=\"auto, (max-width: 490px) 100vw, 490px\" \/><\/figure>\n<\/div>\n\n\n<p><strong>V. Raum<\/strong><br>Herausgeber: Hartwig Schneider, Uwe Schr\u00f6der<br>Titel: Identit\u00e4t der Architektur. V. Raum. Positionen zur Bedeutung des Raumes in der Architektur<br>Verlag: Verlag der Buchhandlung Walther und Franz K\u00f6nig, K\u00f6ln<br>Ort: K\u00f6ln<br>Datum: 2023<br>ISBN 978-3-7533-0507-3<\/p>\n\n\n\n<p>168 Seiten<\/p>\n\n\n\n<p><\/p>\n\n\n\n<div style=\"height:20px\" aria-hidden=\"true\" class=\"wp-block-spacer\"><\/div>\n\n\n<div class=\"wp-block-image\">\n<figure class=\"alignleft size-large is-resized\"><img loading=\"lazy\" decoding=\"async\" width=\"490\" height=\"600\" src=\"https:\/\/ida.rwth-aachen.de\/wp-content\/uploads\/2024\/12\/240820_IDA_VI_Cover_II-490x600.jpg\" alt=\"\" class=\"wp-image-5728\" style=\"width:205px\" srcset=\"https:\/\/ida.rwth-aachen.de\/wp-content\/uploads\/2024\/12\/240820_IDA_VI_Cover_II-490x600.jpg 490w, https:\/\/ida.rwth-aachen.de\/wp-content\/uploads\/2024\/12\/240820_IDA_VI_Cover_II-400x490.jpg 400w, https:\/\/ida.rwth-aachen.de\/wp-content\/uploads\/2024\/12\/240820_IDA_VI_Cover_II-768x940.jpg 768w, https:\/\/ida.rwth-aachen.de\/wp-content\/uploads\/2024\/12\/240820_IDA_VI_Cover_II-1255x1536.jpg 1255w, https:\/\/ida.rwth-aachen.de\/wp-content\/uploads\/2024\/12\/240820_IDA_VI_Cover_II-1673x2048.jpg 1673w\" sizes=\"auto, (max-width: 490px) 100vw, 490px\" \/><\/figure>\n<\/div>\n\n\n<p><strong>VI. Form<\/strong><br>Herausgeber: Uwe Schr\u00f6der<br>Titel: Identit\u00e4t der Architektur. VI. Form. Positionen zur Bedeutung der Form in der Architektur<br>Verlag: Verlag der Buchhandlung Walther und Franz K\u00f6nig, K\u00f6ln<br>Ort: K\u00f6ln<br>Datum: 2024<br>ISBN 978-3-7533-0596-7<\/p>\n\n\n\n<p>112 Seiten<\/p>\n\n\n\n<p><\/p>\n\n\n\n<div style=\"height:20px\" aria-hidden=\"true\" class=\"wp-block-spacer\"><\/div>\n\n\n<div class=\"wp-block-image\">\n<figure class=\"alignleft size-large is-resized\"><img loading=\"lazy\" decoding=\"async\" width=\"490\" height=\"600\" src=\"https:\/\/ida.rwth-aachen.de\/wp-content\/uploads\/2025\/07\/250714_IDA_VII_Umschlag-490x600.png\" alt=\"\" class=\"wp-image-5887\" style=\"width:205px\" srcset=\"https:\/\/ida.rwth-aachen.de\/wp-content\/uploads\/2025\/07\/250714_IDA_VII_Umschlag-490x600.png 490w, https:\/\/ida.rwth-aachen.de\/wp-content\/uploads\/2025\/07\/250714_IDA_VII_Umschlag-400x490.png 400w, https:\/\/ida.rwth-aachen.de\/wp-content\/uploads\/2025\/07\/250714_IDA_VII_Umschlag-768x940.png 768w, https:\/\/ida.rwth-aachen.de\/wp-content\/uploads\/2025\/07\/250714_IDA_VII_Umschlag-1255x1536.png 1255w, https:\/\/ida.rwth-aachen.de\/wp-content\/uploads\/2025\/07\/250714_IDA_VII_Umschlag-1673x2048.png 1673w\" sizes=\"auto, (max-width: 490px) 100vw, 490px\" \/><\/figure>\n<\/div>\n\n\n<p><strong>VII. Zeit<\/strong><br>Herausgeber: Uwe Schr\u00f6der<br>Titel: Identit\u00e4t der Architektur. VII. Zeit. Positionen zur Bedeutung der Zeit in der Architektur<br>Verlag: Verlag der Buchhandlung Walther una Franz K\u00f6nig, K\u00f6ln<br>Ort: K\u00f6ln<br>Datum: 2025<br>ISBN 978-3-7533-0843-2<\/p>\n\n\n\n<p><\/p>\n\n\n\n<p><\/p>\n\n\n\n<div style=\"height:20px\" aria-hidden=\"true\" class=\"wp-block-spacer\"><\/div>\n\n\n\n<p><strong>Videos<\/strong><\/p>\n\n\n\n<div style=\"height:5px\" aria-hidden=\"true\" class=\"wp-block-spacer\"><\/div>\n\n\n<div class=\"wp-block-image\">\n<figure class=\"alignleft size-large is-resized\"><img loading=\"lazy\" decoding=\"async\" width=\"600\" height=\"600\" src=\"https:\/\/ida.rwth-aachen.de\/wp-content\/uploads\/2021\/12\/ida_youtube_cover-1-600x600.jpg\" alt=\"\" class=\"wp-image-3802\" style=\"width:205px;height:205px\" srcset=\"https:\/\/ida.rwth-aachen.de\/wp-content\/uploads\/2021\/12\/ida_youtube_cover-1-600x600.jpg 600w, https:\/\/ida.rwth-aachen.de\/wp-content\/uploads\/2021\/12\/ida_youtube_cover-1-400x400.jpg 400w, https:\/\/ida.rwth-aachen.de\/wp-content\/uploads\/2021\/12\/ida_youtube_cover-1-768x768.jpg 768w, https:\/\/ida.rwth-aachen.de\/wp-content\/uploads\/2021\/12\/ida_youtube_cover-1.jpg 1080w\" sizes=\"auto, (max-width: 600px) 100vw, 600px\" \/><\/figure>\n<\/div>\n\n\n<p>Alle Vortr\u00e4ge, Gespr\u00e4che und Diskussionen aller Tagungen finden Sie in voller L\u00e4nge auf unserem <a href=\"https:\/\/www.youtube.com\/channel\/UCq4wuR-IhqwpjGC9Em7kDFQ\/about\" data-type=\"URL\" data-id=\"https:\/\/www.youtube.com\/channel\/UCq4wuR-IhqwpjGC9Em7kDFQ\/about\" target=\"_blank\" rel=\"noreferrer noopener\">YouTube-Kanal<\/a>.<\/p>\n\n\n\n<div style=\"height:35px\" aria-hidden=\"true\" class=\"wp-block-spacer\"><\/div>\n\n\n\n<p><strong>Audio<\/strong><\/p>\n\n\n\n<div style=\"height:5px\" aria-hidden=\"true\" class=\"wp-block-spacer\"><\/div>\n\n\n<div class=\"wp-block-image\">\n<figure class=\"alignleft size-full is-resized\"><img loading=\"lazy\" decoding=\"async\" width=\"600\" height=\"600\" src=\"https:\/\/ida.rwth-aachen.de\/wp-content\/uploads\/2021\/12\/ida_podcast_cover.jpg\" alt=\"\" class=\"wp-image-3797\" style=\"width:205px;height:205px\" srcset=\"https:\/\/ida.rwth-aachen.de\/wp-content\/uploads\/2021\/12\/ida_podcast_cover.jpg 600w, https:\/\/ida.rwth-aachen.de\/wp-content\/uploads\/2021\/12\/ida_podcast_cover-400x400.jpg 400w\" sizes=\"auto, (max-width: 600px) 100vw, 600px\" \/><\/figure>\n<\/div>\n\n\n<p>H\u00f6ren Sie die Gespr\u00e4che aus dem IdA &#8222;Intermezzo&#8220; in unserem Podcast &#8222;IDA Tapes&#8220; auf<\/p>\n\n\n\n<p><a rel=\"noreferrer noopener\" href=\"https:\/\/anchor.fm\/identitaetderarchitektur\" data-type=\"URL\" data-id=\"https:\/\/anchor.fm\/identitaetderarchitektur\" target=\"_blank\">Anchor.fm<\/a><\/p>\n\n\n\n<p><a rel=\"noreferrer noopener\" href=\"https:\/\/open.spotify.com\/show\/5XiPQRngsy4JEpCA8QHSn3?si=b935eb717b03478e\" data-type=\"URL\" data-id=\"https:\/\/open.spotify.com\/show\/5XiPQRngsy4JEpCA8QHSn3?si=b935eb717b03478e\" target=\"_blank\">Spotify<\/a><\/p>\n\n\n\n<p><a rel=\"noreferrer noopener\" href=\"https:\/\/www.google.com\/podcasts?feed=aHR0cHM6Ly9hbmNob3IuZm0vcy81Y2NkOGRmYy9wb2RjYXN0L3Jzcw==\" data-type=\"URL\" data-id=\"https:\/\/www.google.com\/podcasts?feed=aHR0cHM6Ly9hbmNob3IuZm0vcy81Y2NkOGRmYy9wb2RjYXN0L3Jzcw==\" target=\"_blank\">Google Podcasts<\/a><\/p>\n","protected":false},"excerpt":{"rendered":"<p>B\u00fccher I. Ort Herausgeber: Uwe Schr\u00f6der, Hartwig SchneiderTitel: Identit\u00e4t der Architektur. I. Ort. Positionen zum Ortsbezug in der ArchitekturVerlag: Verlag der Buchhandlung Walther K\u00f6nig, K\u00f6lnOrt: K\u00f6lnDatum: 2018ISBN: 978-3-96098-299-9140 Seiten II. Material Herausgeber: Hartwig Schneider, Uwe Schr\u00f6derTitel: Identit\u00e4t der Architektur. II. Material. Positionen zur Bedeutung des Materials in der ArchitekturVerlag: Verlag der Buchhandlung Walther K\u00f6nig, K\u00f6lnOrt: &hellip; <a href=\"https:\/\/ida.rwth-aachen.de\/?page_id=3784\" class=\"more-link\">Continue reading <span class=\"screen-reader-text\">Publikationen<\/span><\/a><\/p>\n","protected":false},"author":1,"featured_media":0,"parent":0,"menu_order":3,"comment_status":"closed","ping_status":"closed","template":"","meta":{"footnotes":""},"class_list":["post-3784","page","type-page","status-publish","hentry"],"post_mailing_queue_ids":[],"_links":{"self":[{"href":"https:\/\/ida.rwth-aachen.de\/index.php?rest_route=\/wp\/v2\/pages\/3784","targetHints":{"allow":["GET"]}}],"collection":[{"href":"https:\/\/ida.rwth-aachen.de\/index.php?rest_route=\/wp\/v2\/pages"}],"about":[{"href":"https:\/\/ida.rwth-aachen.de\/index.php?rest_route=\/wp\/v2\/types\/page"}],"author":[{"embeddable":true,"href":"https:\/\/ida.rwth-aachen.de\/index.php?rest_route=\/wp\/v2\/users\/1"}],"replies":[{"embeddable":true,"href":"https:\/\/ida.rwth-aachen.de\/index.php?rest_route=%2Fwp%2Fv2%2Fcomments&post=3784"}],"version-history":[{"count":39,"href":"https:\/\/ida.rwth-aachen.de\/index.php?rest_route=\/wp\/v2\/pages\/3784\/revisions"}],"predecessor-version":[{"id":6203,"href":"https:\/\/ida.rwth-aachen.de\/index.php?rest_route=\/wp\/v2\/pages\/3784\/revisions\/6203"}],"wp:attachment":[{"href":"https:\/\/ida.rwth-aachen.de\/index.php?rest_route=%2Fwp%2Fv2%2Fmedia&parent=3784"}],"curies":[{"name":"wp","href":"https:\/\/api.w.org\/{rel}","templated":true}]}}