{"id":2893,"date":"2019-02-19T15:27:04","date_gmt":"2019-02-19T14:27:04","guid":{"rendered":"http:\/\/ida.rwth-aachen.de\/?page_id=2893"},"modified":"2024-07-02T13:14:35","modified_gmt":"2024-07-02T11:14:35","slug":"programm-2","status":"publish","type":"page","link":"https:\/\/ida.rwth-aachen.de\/?page_id=2893","title":{"rendered":"Archiv: Programm 2024"},"content":{"rendered":"\n<p><strong>Donnerstag, 26. Oktober 2023<\/strong>&nbsp;<\/p>\n\n\n\n<p>09:00&nbsp; Geleit durch Ulrich R\u00fcdiger, Rektor der RWTH Aachen&nbsp;<\/p>\n\n\n\n<p>09:10&nbsp; Gru\u00dfwort von Frank Lohrberg, Dekan der Fakult\u00e4t f\u00fcr Architektur&nbsp;<\/p>\n\n\n\n<p>09:20&nbsp; Einf\u00fchrung durch&nbsp;<a href=\"https:\/\/ida.rwth-aachen.de\/?page_id=8\">Uwe Schr\u00f6der<\/a>&nbsp;<\/p>\n\n\n\n<p>09:40&nbsp; Zur Einf\u00fchrung: <a href=\"https:\/\/ida.rwth-aachen.de\/?p=4951\">Matthias Schirren<\/a>&nbsp;<\/p>\n\n\n\n<p>10:00&nbsp; <a href=\"https:\/\/ida.rwth-aachen.de\/?p=3348\">Marco Z\u00fcnd (Buol &amp; Z\u00fcnd, Basel) \u2013 Wer folgt da wem? Umbau einer Fabrik zu<\/a> &nbsp;&nbsp;&nbsp;&nbsp;&nbsp;&nbsp;&nbsp;&nbsp;&nbsp;&nbsp;&nbsp;<a href=\"https:\/\/ida.rwth-aachen.de\/?p=3348\">Wohnungen, 2005<\/a><br>10:15&nbsp; <a href=\"https:\/\/ida.rwth-aachen.de\/?p=4905\">Lena Unger (Meier Unger Architekten, Leipzig) \u2013 Haus Scholl, St\u00f6ckli, Selzach<\/a><br>10:30&nbsp; <a href=\"https:\/\/ida.rwth-aachen.de\/?p=4214\">Simon Henley (architects Henley Halebrown, London) \u2013 Taylor, Chatto &amp; Wilmott<\/a> &nbsp;&nbsp;&nbsp;&nbsp;&nbsp;&nbsp;&nbsp;&nbsp;&nbsp;&nbsp;&nbsp;<a href=\"https:\/\/ida.rwth-aachen.de\/?p=4214\">Courts, Frampton Park Estate, London<\/a>                                                                         <br>10:45&nbsp; <a href=\"https:\/\/ida.rwth-aachen.de\/?p=4825\">Max Otto Zitzelsberger, M\u00fcnchen \u2013 Wartehaus, Landshut<\/a><\/p>\n\n\n\n<p>11:00&nbsp; Thesendiskussion, Moderation:&nbsp;<a href=\"https:\/\/ida.rwth-aachen.de\/?p=4311\">David Kasparek<\/a>&nbsp;<\/p>\n\n\n\n<p>11:15&nbsp; Kaffeepause&nbsp;<\/p>\n\n\n\n<p>11:30&nbsp; <a href=\"https:\/\/ida.rwth-aachen.de\/?p=4883\">Julia Naumann (Naumann Wasserkampf Architekten, Weimar) \u2013 Museum L\u00fctzen 1632<\/a><br>11:45&nbsp; <a href=\"https:\/\/ida.rwth-aachen.de\/?p=199\">Andreas Hild (Hild und K, M\u00fcnchen) \u2013 Luginsland Lorch<\/a><br>12:00&nbsp; <a href=\"https:\/\/ida.rwth-aachen.de\/?p=3242\">Heike Hanada, Berlin \u2013 wider die Form_<\/a><br>12:15&nbsp; <a href=\"https:\/\/ida.rwth-aachen.de\/?p=4860\">Jan Kleihues (Kleihues + Kleihues, Berlin) \u2013 Hochhaus am Nordhafen, Berlin<\/a> <br>12:30&nbsp; <a href=\"https:\/\/ida.rwth-aachen.de\/?p=3056\">Markus Peter (Meili, Peter und Partner Architekten, Z\u00fcrich)&nbsp;\u2013 Telli- Erbschaft der Form<\/a><\/p>\n\n\n\n<p>12:45&nbsp; Thesendiskussion, Moderation:&nbsp;<a href=\"https:\/\/ida.rwth-aachen.de\/?p=4311\">David Kasparek<\/a>&nbsp;<\/p>\n\n\n\n<p>13:00&nbsp; Mittagspause&nbsp;<\/p>\n\n\n\n<p>14:15\u00a0 <a href=\"https:\/\/ida.rwth-aachen.de\/?p=3043\">Florian Nagler (Florian Nagler Architekten, M\u00fcnchen) \u2013 Unser Gartenhaus<\/a> <br>14:30\u00a0 <a href=\"https:\/\/ida.rwth-aachen.de\/?p=4149\">Oda P\u00e4lmke, Berlin \u2013 Repertoire Treppe<\/a><br>14:45\u00a0 <a href=\"https:\/\/ida.rwth-aachen.de\/?p=2769\">Meinrad Morger (Morger Partner Architekten, Basel) \u2013 Wohn-Form, Haus in Basel<\/a><br>15:00\u00a0 <a href=\"https:\/\/ida.rwth-aachen.de\/?p=3632\">Caroline Fiechter (Fiechter &amp; Salzmann Architekten, Z\u00fcrich)\u00a0\u2013 Alters- und Pflegeheim <\/a>\u00a0\u00a0\u00a0\u00a0\u00a0\u00a0\u00a0\u00a0\u00a0\u00a0\u00a0<a href=\"https:\/\/ida.rwth-aachen.de\/?p=3632\">Stiftung Dankensberg<\/a><\/p>\n\n\n\n<p>15:15&nbsp; Thesendiskussion, Moderation: <a href=\"https:\/\/ida.rwth-aachen.de\/?p=193\">Jasper Cepl<\/a><\/p>\n\n\n\n<p>15:30&nbsp; Kaffeepause&nbsp;<\/p>\n\n\n\n<p>15:45&nbsp; <a href=\"https:\/\/ida.rwth-aachen.de\/?p=182\">Christoph M\u00e4ckler (M\u00e4ckler Architekten, Frankfurt am Main) \u2013 Quartier Goetheplatz,<\/a> &nbsp;&nbsp;&nbsp;&nbsp;&nbsp;&nbsp;&nbsp;&nbsp;&nbsp;&nbsp;&nbsp;<a href=\"https:\/\/ida.rwth-aachen.de\/?p=182\">Frankfurt a.M.<\/a><br>16:00&nbsp; <a href=\"https:\/\/ida.rwth-aachen.de\/?p=4099\">Birgit Rudacs (Burger Rudacs Architekten, M\u00fcnchen) \u2013 John Cranko Schule, Stuttgart<\/a><br>16:15&nbsp; Christian Rapp (Rapp+Rapp, Amsterdam)<br>16:30&nbsp; <a href=\"https:\/\/ida.rwth-aachen.de\/?p=3330\">J\u00f6rg Springer (Springer Architekten, Berlin) \u2013 Gewoba-Hochhaus, Bremen<\/a><br>16:45&nbsp; HG Merz (merz merz architekten, Berlin)<\/p>\n\n\n\n<p>17:00&nbsp; Thesendiskussion, Moderation: <a href=\"https:\/\/ida.rwth-aachen.de\/?p=193\">Jasper Cepl<\/a><\/p>\n\n\n\n<p>17:15&nbsp; Kaffeepause<\/p>\n\n\n\n<p>17:30&nbsp; Gespr\u00e4ch, Moderation:&nbsp;<a href=\"https:\/\/ida.rwth-aachen.de\/?p=193\">Jasper Cepl<\/a>&nbsp;und&nbsp;<a href=\"https:\/\/ida.rwth-aachen.de\/?p=4311\">David Kasparek<\/a><br>           &nbsp;&nbsp;&nbsp;&nbsp;&nbsp;&nbsp;&nbsp;&nbsp;&nbsp;&nbsp;&nbsp;mit: Lena Unger, J\u00f6rg Springer, Caroline Fiechter und Marco Z\u00fcnd<\/p>\n\n\n\n<p>18:45&nbsp; Verabschiedung<\/p>\n","protected":false},"excerpt":{"rendered":"<p>Donnerstag, 26. Oktober 2023&nbsp; 09:00&nbsp; Geleit durch Ulrich R\u00fcdiger, Rektor der RWTH Aachen&nbsp; 09:10&nbsp; Gru\u00dfwort von Frank Lohrberg, Dekan der Fakult\u00e4t f\u00fcr Architektur&nbsp; 09:20&nbsp; Einf\u00fchrung durch&nbsp;Uwe Schr\u00f6der&nbsp; 09:40&nbsp; Zur Einf\u00fchrung: Matthias Schirren&nbsp; 10:00&nbsp; Marco Z\u00fcnd (Buol &amp; Z\u00fcnd, Basel) \u2013 Wer folgt da wem? Umbau einer Fabrik zu &nbsp;&nbsp;&nbsp;&nbsp;&nbsp;&nbsp;&nbsp;&nbsp;&nbsp;&nbsp;&nbsp;Wohnungen, 200510:15&nbsp; Lena Unger (Meier Unger Architekten, &hellip; <a href=\"https:\/\/ida.rwth-aachen.de\/?page_id=2893\" class=\"more-link\">Continue reading <span class=\"screen-reader-text\">Archiv: Programm 2024<\/span><\/a><\/p>\n","protected":false},"author":1,"featured_media":0,"parent":0,"menu_order":0,"comment_status":"closed","ping_status":"closed","template":"","meta":{"footnotes":""},"class_list":["post-2893","page","type-page","status-publish","hentry"],"post_mailing_queue_ids":[],"_links":{"self":[{"href":"https:\/\/ida.rwth-aachen.de\/index.php?rest_route=\/wp\/v2\/pages\/2893","targetHints":{"allow":["GET"]}}],"collection":[{"href":"https:\/\/ida.rwth-aachen.de\/index.php?rest_route=\/wp\/v2\/pages"}],"about":[{"href":"https:\/\/ida.rwth-aachen.de\/index.php?rest_route=\/wp\/v2\/types\/page"}],"author":[{"embeddable":true,"href":"https:\/\/ida.rwth-aachen.de\/index.php?rest_route=\/wp\/v2\/users\/1"}],"replies":[{"embeddable":true,"href":"https:\/\/ida.rwth-aachen.de\/index.php?rest_route=%2Fwp%2Fv2%2Fcomments&post=2893"}],"version-history":[{"count":168,"href":"https:\/\/ida.rwth-aachen.de\/index.php?rest_route=\/wp\/v2\/pages\/2893\/revisions"}],"predecessor-version":[{"id":5105,"href":"https:\/\/ida.rwth-aachen.de\/index.php?rest_route=\/wp\/v2\/pages\/2893\/revisions\/5105"}],"wp:attachment":[{"href":"https:\/\/ida.rwth-aachen.de\/index.php?rest_route=%2Fwp%2Fv2%2Fmedia&parent=2893"}],"curies":[{"name":"wp","href":"https:\/\/api.w.org\/{rel}","templated":true}]}}